 = d - p. List the prime factors of d.
13
Suppose -4*n + 76 = 5*w - 208, 3*w + 240 = 3*n. What are the prime factors of n?
2, 19
Let b = 15 + 4. List the prime factors of b.
19
Let c = 9 - 4. Suppose -c*s = -3*s - 4. Suppose 0*l + 14 = s*l. List the prime factors of l.
7
Suppose 5*k - y - 1154 = 0, 3*k + 2*y = 286 + 409. What are the prime factors of k?
3, 7, 11
Suppose 3*f + 2*f = 75. Suppose -p + 18 = -2*o - 4*p, 20 = -2*o - 4*p. Let t = f + o. What are the prime factors of t?
3
What are the prime factors of (-2148)/(-28) + 2/7?
7, 11
Suppose 5*z - 33 = 62. Let d = 31 - z. List the prime factors of d.
2, 3
Let k be (2/4)/(2/4). Let l(i) = i - 16. Let c be l(14). List the prime factors of (k/c)/((-2)/12).
3
Suppose -4*y - 3*h = -258, 4*y = -4*h + 6 + 250. What are the prime factors of y?
2, 3, 11
Let m = 11 - 9. List the prime factors of 0 + (-5 + m - -11).
2
Let a = 30 + 2. Suppose a = y + 3*p, -5*y - 2*p = -6*p - 103. List the prime factors of y.
23
Suppose 5*n - 14 = 171. What are the prime factors of n?
37
Let k = -6 - -11. Suppose -2*o - 3 + 11 = 0. Suppose -k*c + 4 = -o*q, 3*q - c + 0*c = 8. List the prime factors of q.
2
Let t be (0 + -1)/(3/(-9)). Suppose u - 24 = -t*u. What are the prime factors of -4*5*(-3)/u?
2, 5
Let q(g) = -2*g - 28. What are the prime factors of q(-15)?
2
Suppose -4 = -2*n + 6. Suppose 0 = 3*p - 2*p - n. List the prime factors of p.
5
List the prime factors of (-32)/(-3) + 3/9.
11
Let o = -4 - -8. Suppose 5*d - 143 = o*k, -5*k - 157 = d - 0*d. Let r = k + 47. What are the prime factors of r?
3, 5
Let n = -2 + 2. Suppose n = -2*c - 0*c + 24. List the prime factors of c.
2, 3
Let x(s) = s**2 - 5*s - 2. Let j be x(6). Suppose 0 = -2*v + 14 - j. List the prime factors of v.
5
What are the prime factors of 51 + 4/(2/1)?
53
List the prime factors of -26 - -26 - 1*-176.
2, 11
Let g = 5 + -7. What are the prime factors of (5 - g)*(-5 - -6)?
7
Suppose -36 = -4*t + 64. What are the prime factors of t?
5
Suppose 3*v = -2*h + 18, -h - 4*v + 0 = -14. Let m be (12/14)/((-1)/(-14)). Let b = m - h. What are the prime factors of b?
2, 3
Let b(f) = 2*f - 15. Let c(s) = -s + 8. Suppose 0 = -5*l - i + 69, -3*i + 31 + 33 = 4*l. Let o(z) = l*c(z) + 6*b(z). List the prime factors of o(6).
2
Let o = 31 + 5. What are the prime factors of o?
2, 3
Let k(a) be the second derivative of a**5/20 + 7*a**4/12 - 5*a**3/6 - a**2 + 8*a. What are the prime factors of k(-7)?
3, 11
Suppose -29 - 46 = -3*y. List the prime factors of y.
5
Let f = 131 + 14. What are the prime factors of f?
5, 29
Let n = 8 + 78. What are the prime factors of n?
2, 43
Let y be 1 - (2 + 1 + -4). Suppose y*v = v + 9. What are the prime factors of v?
3
Let l(t) = -2*t - 6. Let r be l(-6). Suppose -3*c + r = -0. List the prime factors of c/3*42/4.
7
Let o = 1 + 3. Let k be (2/o)/(5/30). Suppose i - 1 - 4 = -x, i = k*x - 3. What are the prime factors of x?
2
Let w = 5 + 120. Suppose 2*j = -3*d + w, 0 = 4*d - 4*j + 16 - 196. List the prime factors of d.
43
Let r(h) = -h**3 - 5*h**2 - h - 5. Let w be r(-5). Let v = -5 - w. Let d(k) = -k**2 - 5*k + 2. What are the prime factors of d(v)?
2
Let s = 15 - 10. Let b = s - 2. Let i = 5 - b. What are the prime factors of i?
2
Let n(r) = -r + 14. Let u be n(11). Let f(z) = 7*z + 4. What are the prime factors of f(u)?
5
What are the prime factors of (1 + 3)/(4 + -3)?
2
Suppose -11*a = 6*a - 6324. What are the prime factors of a?
2, 3, 31
Let j = 21 - 13. Let d = 21 - j. List the prime factors of d.
13
Suppose 1 = -m + 3. Suppose 5*u - 45 = m*u. Suppose -5*g - 3*a = -4*g - 5, -2*a - u = -g. What are the prime factors of g?
11
Let o = -55 + 91. List the prime factors of o.
2, 3
Suppose -j - 306 = -7*j. What are the prime factors of j?
3, 17
Let f be 2/(-3) + (-28)/12. Let x be 0/(-1)*(2 + f). Suppose 5*v - 14 - 1 = x. List the prime factors of v.
3
What are the prime factors of 6636/27 - 4/(-18)?
2, 3, 41
Suppose w - 3*w + 144 = 0. List the prime factors of w.
2, 3
Let w = -8 + 18. Suppose 4*p - 20 = 4*c, 4*c - c - 2*p = -10. Let h = c + w. List the prime factors of h.
2, 5
Suppose 0 = 2*d + 3*o - 139, 0*d + 5*o + 410 = 5*d. List the prime factors of d.
7, 11
Let z be 20/(-12) + 2/(-6). Let d = 1 - z. What are the prime factors of d?
3
List the prime factors of 3 - 2/(-1 - -3).
2
Let p = -3 + 1. List the prime factors of p/(-7) - (-183)/21.
3
Suppose -10*m = 2*m - 1740. List the prime factors of m.
5, 29
Let n(v) = -v + 6. Let c be n(4). Suppose c*a = 6*a + 8. List the prime factors of 7*((-24)/14)/a.
2, 3
Let c(s) be the first derivative of s**6/360 + s**5/120 + s**3/3 - 1. Let r(w) be the third derivative of c(w). What are the prime factors of r(-2)?
2
Let z(y) = 3*y + 6. Let q be (8/(-6))/((-3)/(-9)). Let r be z(q). What are the prime factors of (-2 + 1)/(2/r)?
3
Let f(t) = 1 + 6*t**2 + 2 - 4. Let s be f(1). Suppose -3*l = -s*k + 31 + 29, 5*k + 3*l - 30 = 0. List the prime factors of k.
3
Let i be (-67 - -10)*(-2)/6. Let q = -10 + i. List the prime factors of q.
3
Suppose 3*a - 17 = -5*u, -2*u + u - 4*a = 0. What are the prime factors of u?
2
Let i = 8 + -3. Let q = i - -8. What are the prime factors of q?
13
Suppose 0 = -5*f + 4*f - 2. List the prime factors of -3 + (17 - 2/f).
3, 5
Let y(j) = -j**2 + j. Let x be y(0). Suppose m - 4 = -x*m. Suppose -2*w = 3*r - 17, -r = -m*w + 3*r + 44. What are the prime factors of w?
2, 5
Let w(c) = -5*c - 15. Let n be w(-10). Let q = -16 + n. List the prime factors of q.
19
Let d = 10 + -7. Suppose -d*z = -0*z - 57. What are the prime factors of z?
19
Let a = -13 + 8. Let v = 8 + a. Suppose v*k = 12 - 3. List the prime factors of k.
3
Suppose 2*s - 2 = -2*k, 0*k + 4*k - 4*s + 4 = 0. Suppose -5*t + 125 + 70 = k. What are the prime factors of t?
3, 13
Let i = 26 + -20. What are the prime factors of i?
2, 3
Let c(p) = -4*p**2 - p + 1. Let n be c(-4). Let q = 84 + n. List the prime factors of q.
5
Let j = 5 + -2. Suppose 5*n - 9 = 3*x, j*x - 7 = n - 4. What are the prime factors of n?
3
Let f = -51 + 247. What are the prime factors of f?
2, 7
Let m(w) = w + 12. Let n be m(-12). Suppose 0 = 5*a + 3*s - 39, -3*a - 2*s + 27 = s. Suppose -y + a + 2 = n. What are the prime factors of y?
2
Suppose -27 = -2*g - s, 5*g - 6*s = -4*s + 90. Suppose 5*i - 19 = g. List the prime factors of i.
7
Let d = -332 - -607. List the prime factors of d.
5, 11
Let n = 146 + -74. What are the prime factors of n?
2, 3
Let p(r) be the second derivative of -r**5/20 + 2*r**4/3 - r**3 + 3*r**2/2 - r. List the prime factors of p(7).
2, 5
Suppose -5*a + 5 = 5*y, 0*y = -2*a - 4*y + 10. Let g = a - -11. What are the prime factors of g?
2
Let v = -47 + 77. List the prime factors of v.
2, 3, 5
Suppose -1 = -2*l + 1. What are the prime factors of (l - 0)*-1*-13?
13
Suppose 0 = 7*i - 653 - 467. List the prime factors of i.
2, 5
Suppose -2*d + 28 + 8 = 0. List the prime factors of d.
2, 3
Suppose y = 6*y + 15. Let t = y - -13. What are the prime factors of t?
2, 5
Let c = 3 + 2. Suppose 9*w = 8*w + c. List the prime factors of w.
5
Let u = -8 - -2. Let z(i) = -i - 6. Let t be z(u). Suppose t = -4*q + q - 4*o - 8, -4*q - 5*o = 9. What are the prime factors of q?
2
What are the prime factors of (320/(-7) - 2/7)*-2?
2, 23
Let i be (-4 + 2)/((-2)/4). Let j = i + 1. Suppose 0 = j*m + 6*h - 2*h + 5, -2*m - 9 = 3*h. List the prime factors of m.
3
Let l(g) = 10*g**2 + 2*g + 1. Let q be l(-1). Let f = 8 + q. List the prime factors of f.
17
Let v(l) = -l**3 + 6*l**2 + 2*l + 4. Let f be v(6). Suppose -4*q = 4*d - 40, 4*q - 4*d + 2*d = f. What are the prime factors of q?
2, 3
Suppose 2*x + 25 = 5*o, -3*x + 5*o - 5 = 30. Let h(z) = 5*z - 1. Let r(y) = 2*y - 1. Let w(k) = -3*h(k) + 7*r(k). What are the prime factors of w(x)?
2, 3
Let i(j) = -j**3 + 4*j**2 + 7*j + 1. Let q be (-1 - (0 - 2))*5. What are the prime factors of i(q)?
11
Suppose -3*x - 153 - 27 = 0. Let p = -4 - x. What are the prime factors of p?
2, 7
Let i(l) = -13*l + 2. List the prime factors of i(-7).
3, 31
Suppose 8 = 4*t - x, 0 = 3*t + 3*x - 2*x - 13. Suppose 3*b - t = -0. List the prime factors of (-10)/(-4)*(b - -1).
5
Let w = 41 + 1. List the prime factors of w.
2, 3, 7
Let x(r) = 43*r**2 - r - 1. Let o be x(-1). Let h = o + -31. Let i = h - 0. What are the prime factors of i?
2, 3